e -x = -k*x + 18. Determine u(x).
-4
Let c(g) = -45*g**3 - 13*g**2 + g - 1. Let q(k) = -14*k**3 - 4*k**2 + 1. Let d(h) = 5*c(h) - 16*q(h). Give d(3).
-42
Let t(v) = -15 + 36 - 22 - 4*v. Let n be (-1 + 0)/(((-10)/42)/5). Let m be (-12)/(-14) + 3/n. What is t(m)?
-5
Let y be ((-10)/6)/((-165)/1089). Let i be y/385*125 - 4/7. Let l(w) = -w**3 - 2*w**2 + 1 - w**2 + 5*w**2 + w. What is l(i)?
-5
Let z(j) be the second derivative of -j**4/12 - 4*j**3/3 + 8*j**2 - j + 4796. Determine z(-3).
31
Let w(u) = -u**3 + 2*u - 1. Let m(o) = 3*o**3 + 2*o**2 - 2*o. Let z(s) = m(s) + w(s). Determine z(1).
3
Let j(d) = -12*d + 11. Let q(r) = 20*r - 144. Let o be q(7). Let p(t) = -6*t + 6. Let b(x) = o*j(x) + 7*p(x). Give b(-3).
-20
Let v(g) = g**3 + g**2 - 2*g - 3. Let z(o) = 2*o**2 + 2*o - 2. Let k(u) = -v(u) + z(u). Suppose -2*l + 4*r = 22, 0 = -3*r - 0*r + 12. What is k(l)?
25
Let j(q) = q**2 + 4*q - 48. Let s(t) = -t**2 - 187*t + 3257. Let k be s(-203). What is j(k)?
69
Let l(k) be the first derivative of k**3/3 + 9*k**2/2 - 6*k + 5. Let r(s) = s**2 + 17*s + 18. Let w be r(-16). Let z be w/(30/27)*-5. What is l(z)?
-6
Let w(f) = 18 - 114 - 1797*f + 907*f + 897*f. What is w(24)?
72
Let n(c) = -7*c + 45*c**2 + 104*c**2 - 11 - 150*c**2 - 17*c. Calculate n(-20).
69
Suppose 0 = -4*p - 5*q - 5, -4*p - 4*q - 5 = 3. Let s(k) = -2*k**2 - 5*k - 19. Let z(d) = -d**2 - 3*d - 10. Let n(x) = p*z(x) + 3*s(x). Give n(0).
-7
Let i(a) = -a**2 + 7*a - 3. Let d be i(1). Let f(j) = -12 - d - 2*j + 24. What is f(7)?
-5
Let q(n) be the second derivative of -3*n**5/5 - n**4/4 + n**3/6 + 3*n**2/2 - 169*n - 4. Determine q(1).
-11
Suppose 2*r = -r. Let h(x) = -x**3 + x - 15. Let n(a) = 1. Let v = -316 + 310. Let s(c) = v*n(c) - h(c). Determine s(r).
9
Suppose -25*a = 38*a + 2*a + 130. Let x(c) = -2*c**3 + c**2 + c - 2. What is x(a)?
16
Let d(f) = -2*f**2 + 10*f - 7. Let l = -71 + 555. Let h = -478 + l. Give d(h).
-19
Let v be -1*5/6 - (87/(-18) - -6). Let d(z) = -z**2 + 9*z + 20. Calculate d(v).
-2
Let w(p) be the first derivative of 1/3*p**3 + 8*p - 7/2*p**2 + 24. Let a(l) = -8*l - 10. Let t be a(-2). Determine w(t).
2
Let u(a) = -5*a - 222. Let g be u(-40). Let j be (-23 - g)/(1/(-7)). Let p(f) = -f**2 + 5*f + 10. Calculate p(j).
-4
Suppose -4*p + 18 + 173 = -3*v, 3*p + 2*v - 156 = 0. Let u = p + -50. Suppose 5*i - i - 20 = u. Let r(d) = -d**2 + 6*d + 4. What is r(i)?
9
Let u(q) = -3*q - 10. Let j(n) = 2*n + 6. Let a(x) = -8*j(x) - 5*u(x). Calculate a(-6).
8
Let u(y) = 27*y**2 - y + 2. Let s(i) = 27*i**2 - 2*i + 3. Let g(d) = 2*s(d) - 3*u(d). Let z(t) = -17*t - 137. Let q be z(-8). Determine g(q).
-26
Let d(u) = -25 + u**3 + 8*u + 13*u + 4*u**3 + 8*u + 17*u**2 - 4*u**3. Determine d(-15).
-10
Let i(u) = -59805 + 21*u**2 - 3*u - 14*u + 59751 - u**3. Determine i(20).
6
Let q(d) = 208*d - 2 + 182*d - 6*d**2 - 392*d. Calculate q(-1).
-6
Let p be (-5)/(-6)*(-73 - -67) - (48 - 5). Let m(q) = -q**2 - 44*q + 197. Determine m(p).
5
Let y(d) be the third derivative of -d**4/8 + 10*d**3/3 - 26*d**2 + 71. Calculate y(8).
-4
Suppose -46*j = 226 + 188. Let y be 2/j - 1184/(-144). Let l(v) = -v**2 + 12*v + 5. Determine l(y).
37
Suppose 5*l + 4*a = 67, -5*a + 4*a = -4*l + 41. Let p(s) = 23*s - 9. Let y be p(12). Let m(w) = -265*w + y*w + l + 1. Calculate m(-9).
-6
Suppose -3*b + 5 = -4*h, 5*b = b - 2*h + 36. Let u(q) = -2*q**3 + 13*q**2 + 6*q - 4. Calculate u(b).
-11
Let i(v) = -19*v - 30. Let k(h) = -22*h - 30. Let c(s) = -5*i(s) + 4*k(s). What is c(-9)?
-33
Let p(w) = -2*w**2 - 11*w + 13. Let k be p(-9). Let s = 51 + k. Let h(v) be the second derivative of v**3 - v**2/2 + v. Determine h(s).
5
Let a = -2513 - -2513. Let z(u) = u**3 - 2*u + 6. What is z(a)?
6
Let t(o) = o**3 - 10*o**2 - o + 13. Suppose -9*l = -5*l - 40. Let v be t(l). Let q(n) = n**2 + 4 - v*n - 4 - 1. Calculate q(-2).
9
Let h(a) = 5*a**2 - 2*a - 6. Suppose -82 - 42 = 31*n - 0*n. What is h(n)?
82
Let v(a) = 2655*a - 28. Let y be v(9). Let c(p) = -3*p + 23864 - p**2 - y + 11*p. What is c(9)?
-12
Let w = -405 - -412. Let n(a) = -17*a + 2 + w*a - 7 + 8*a. Calculate n(5).
-15
Let t = 3955 + -3950. Let h(p) be the second derivative of -p**5/60 + p**4/6 + p**3/2 + p. Let y(x) be the second derivative of h(x). Give y(t).
-6
Let v(y) = y**2 + 10*y + 8. Let b(s) = -4*s - 7. Let u(f) = -4*f - 7. Let h(j) = -2*b(j) + 3*u(j). Let c be h(-4). Let t be 2*12/c*(0 + -3). Give v(t).
-8
Let s(y) be the first derivative of -y**3/3 - 7*y**2/2 + 13*y - 16368. Let j = 5 - 14. Give s(j).
-5
Let n(d) = d**3 + d**2 - 12*d + 1. Let w(j) = 0*j**2 + 1 + 0 + 10*j - 2 - j**2 - j**3. Let s(i) = 5*n(i) + 6*w(i). Give s(-1).
-1
Let y(t) be the first derivative of -4*t - 5*t**2 - 1/3*t**3 - 59. Calculate y(-9).
5
Let o(l) = 197*l - 750 + 146*l + 756 - 339*l. Let q(p) = -p. Let k be q(4). Calculate o(k).
-10
Let c(i) = -9172*i - 9202*i + 18376*i - 5*i**2 - 1. Give c(1).
-4
Let b be (12 + 483/(-42))/((-1)/8). Let p(s) = -s**2 + 7*s + 21. Give p(b).
-23
Let r(h) = -2*h**2 - 6*h + 167. Let y(z) = -z**2 - 3*z + 88. Let i(q) = 7*r(q) - 13*y(q). Determine i(-8).
-15
Suppose v - 5*v + 40 = q, 0 = -4*v - 2*q + 40. Let z be (5 - 3)*5/v. Let s(o) = -11*o**2 - 3*o + 2. Give s(z).
-12
Suppose -2*a = 4*q + 6, 2*q - 5 = -11. Let w(o) be the second derivative of -5*o**3/6 + 2*o**2 + 8*o. Calculate w(a).
-11
Let f(z) = -9*z**2 - 21*z + 16. Let p(k) = -7*k**2 - 15*k + 14. Let x(d) = 4*f(d) - 5*p(d). Determine x(-11).
-28
Let y(n) = -n**3 + 6*n**2 - 3*n + 1. Let m = 61 + -58. Let v(r) = -r**2 - 1 + 5*r - 1 - 279*r**3 + 278*r**3 + m*r**2. Let i be v(3). Determine y(i).
21
Let n = 374 - 363. Suppose 2*b = 4*a - 10, 9*a = 2*b + 4*a + 14. Suppose -5*i + 50 = 5*m, -b*i + n = -i - m. Let g(c) = c - 1. What is g(i)?
6
Let q(x) = -558488 - 10*x + 558413 - 5*x. What is q(-5)?
0
Let g be ((-21)/18)/(4/(-24)). Let i be (3/4)/(g/84). Let h(w) = w - 2*w - 2*w + i*w. Give h(1).
6
Let n(s) = 5*s**3 - 21*s**2 - 18*s - 11. Let m(i) = 3*i**3 - 6*i**2 + 2*i + 1. Let j(q) = -2*m(q) + n(q). Calculate j(-6).
11
Let q(s) = -7*s + 3. Suppose 3*x = 2*d + 2, 0 = 63*d - 58*d - 5*x - 10. Calculate q(d).
-53
Let c(j) = -j**3 - 9*j**2 - j - 13. Let w be c(-9). Let h(r) = 6*r + 1565*r**3 - 813*r**3 - 753*r**3 + 6 - 3*r**2. Give h(w).
-2
Let p(l) be the second derivative of l**3/3 - 97*l**2/2 - 4905*l. What is p(32)?
-33
Let a(k) = -2*k + 1555 + 1562 + 1415 + k**3 + 3*k**2 - 4526. Suppose 2*h = 3*y + 7, -4*h + h + 3*y + 3 = 0. Give a(h).
-2
Let w(q) = -q**2 - 20*q - 72. Let g be w(-5). Let m(h) = 11*h**2 - 2 + h**3 - 8 + g + 6*h - 18*h**2. Determine m(6).
-7
Let g(a) be the first derivative of 1/3*a**3 + 94 + 28*a + 0*a**2. Give g(0).
28
Let a(f) = -2*f**2 - 222*f - 215*f + 2 + 626*f - 206*f + f**2. Calculate a(0).
2
Suppose 12*n = 10*n + 4. Let x(c) be the first derivative of -3*c**2/2 + c + 895. Determine x(n).
-5
Let f(j) = -j**3 - 3*j**2 + 10*j + 2. Let h be f(-5). Let k(q) = 1 + 5 + 4*q - q**h - q. Let z be k(5). Let b(w) = -w**3 - 6*w**2 - 6*w - 1. Give b(z).
-9
Let m(f) = -35*f + 2188. Let t(x) = 6*x - 360. Let h(g) = -2*m(g) - 13*t(g). Determine h(38).
0
Suppose 240 = -14*k - 26*k. Let p(r) = r**3 + 7*r**2 + 8*r - 1. What is p(k)?
-13
Let l(p) = p - 3. Let o(d) = 3*d**3 + 16*d**2 + 9*d + 5. Let i be o(-5). Calculate l(i).
-18
Let m(n) = 332 + 13*n - 165 - 159. Calculate m(-2).
-18
Let q(k) = -k**3 + 27*k**2 + 58*k - 7. Suppose -5*p = 4*a - 133, -5*p + 5*a = 155 - 315. Calculate q(p).
-7
Let u(h) = -h**2 - 3*h - 2. Let x be u(-2). Let j(m) be the third derivative of 0 + 87*m**2 + 0*m**4 - 1/3*m**3 + 0*m + 1/60*m**5. Give j(x).
-2
Suppose 9 = 3*t, 5*t = 3*l + 2*l. Suppose l*g = -c + 18, -5*g = 5*c - 30 - 10. Suppose 0*d = g*d - 45. Let w(p) = -p + 11. Determine w(d).
2
Let j(z) = z**2 - 6*z - 18. Suppose 0 = -20*r + 339 - 179. Give j(r).
-2
Suppose 61*r + 172 + 367 = -16*r. Let v(w) = w**2 + w - 45. What is v(r)?
-3
Let x be (639/3 + 0)*(-28)/(-21). Let b be (-3)/2 + x/8. Let f = 29 - b. Let v(a) = a**2 + 2*a + 4. Give v(f).
19
Let n(g) = -4*g - 6. Suppose -o = -5*o + 2*l + 14, -12 = -5*o - 3*l. Let i(z) = -z - 695 + 695 + 2*z. Let d(s) = o*i(s) + n(s). Give d(0).
-6
Let i(y) = -4*y + 193. Let o be i(50). Let z(v) = v - 3. Let g(x) = -5*x + 13. Let b(t) = -2*g(t) - 9*z(t). Calculate b(o).
-6
Let q(t) = 47 +